igit of m?
1
Let h(b) = -b**3 + 29*b**2 + 16*b - 14. What is the thousands digit of h(28)?
1
Let a be (4 - 3)/((-5)/(-5)). Suppose 2*x - 2 = -h, 0 = -x - 0*x - a. Suppose 4*t - 188 = -2*g, h*t - 5*g + 2*g - 168 = 0. What is the units digit of t?
5
Suppose 10 = -3*p + p. Let k be ((-20)/50)/((-1)/p). What is the tens digit of (-54)/(-3) - (-6)/k?
1
Suppose 0 = -3*b + b + 2*y + 2018, 0 = 3*y + 12. What is the thousands digit of b?
1
Let g = 2 - -18. Let l = -18 + g. Suppose -d = -l*d + 21. What is the tens digit of d?
2
Let n(z) = 4*z**2 + 7 + 4 + 8 + 1 - 5*z. What is the tens digit of n(7)?
8
Let m be 42 - ((3 - -1) + -6). Let u = m - 23. What is the units digit of u?
1
Suppose -15 + 10 = -z. Suppose -2*b - 62 = -4*s, 38 = z*s + 5*b - 32. What is the units digit of s?
5
Let f(m) = -m**3 - 9*m**2 - 10*m. Let w be f(-8). Let q = w - 11. Suppose -q*l + 3*v = -65, 4*l - 54 = -4*v + 30. What is the tens digit of l?
1
What is the units digit of 5*1*(-160286)/(-535)?
8
Let z(p) = 2*p**3 - 3*p**2 - 8*p + 9. Let w(v) = -v**3 - v**2 + 2*v + 3. Let i be w(-2). Let l be (-15)/(-4) + i/12. What is the tens digit of z(l)?
5
Suppose 638 - 158 = 6*z. What is the tens digit of z?
8
Suppose 4*i - 459 = 3*m, 5*i + m = 868 - 299. Suppose 2*h + 5*j + 139 = 32, 0 = h - 2*j + 67. Let v = i + h. What is the units digit of v?
3
Let x(m) be the third derivative of m**4/8 - m**3/6 - 4*m**2. Suppose 2*c = -c + 12. What is the tens digit of x(c)?
1
Let o(l) = 1. Let s(m) = 5*m + 7. Let r(w) = 24*o(w) - 3*s(w). Let y be r(-7). Suppose -3*h - 6 = 0, -y = -5*i + 5*h - 28. What is the tens digit of i?
1
What is the tens digit of 15*72 - (14 - 2)?
6
Let c(i) = -i**3 + 6*i**2 - 3*i + 12. Let h be c(6). Let l(d) = d**2 + 3*d - 10. What is the units digit of l(h)?
8
Suppose 4*m + 3*v - 940 = 0, 0 = -4*m - 2*v - 2*v + 940. Suppose 0 = -6*z + z + m. Let c = z + -21. What is the units digit of c?
6
Let h = 119 + -120. Let v = 258 + h. What is the hundreds digit of v?
2
Let u = 364 + -46. What is the hundreds digit of u?
3
Let n = 120 + 60. Suppose -5*j - n = -j. Let c = 73 + j. What is the units digit of c?
8
Suppose -2*s = 3*y - 6*y + 36, 3*y = -2*s + 24. What is the tens digit of (35/y)/(1/62)?
1
Let i(q) = -8 + 35 - 2*q + 20. What is the units digit of i(21)?
5
Let z be (-1719)/(-15) - (-2 - (-26)/10). Suppose -f - 2*f = -z. What is the tens digit of f?
3
Let i = 4 - -7. Let b = 28 - i. Suppose -5*y - v + 62 + 9 = 0, -b = -y - 3*v. What is the units digit of y?
4
Let m(z) = -2*z + 5. Let r be m(-5). Suppose 3*t - r = 3. What is the units digit of (15 + 2)/(t/12)?
4
Suppose -5*d + 2246 + 3041 = -2*j, -3*d + 3157 = -5*j. What is the tens digit of d?
5
Suppose 4*i + 10*s = 7*s + 2847, 4*s - 2137 = -3*i. What is the units digit of i?
1
Let u = 16 - 16. Suppose u = -2*q + q + 120. Suppose -74 - 36 = -2*o - 4*c, 2*c - q = -2*o. What is the units digit of o?
5
Let i(r) = -r**3 - 7*r**2 - 10*r + 3. Let x be i(-5). Suppose s = -f + 40 + x, -2*s - f = -82. What is the tens digit of s?
3
Let k(x) be the second derivative of -19*x**6/360 - 2*x**4/3 + 4*x. Let a(y) be the third derivative of k(y). What is the tens digit of a(-1)?
3
Let o(v) be the second derivative of -51*v**5/20 + v**3/3 + v**2/2 - 3*v. What is the tens digit of o(-1)?
5
Let c(y) = -52*y**3 - 8. What is the hundreds digit of c(-2)?
4
Let f = 2641 + -1238. What is the units digit of f?
3
Suppose 0 = -26*f + 315 + 1765. What is the tens digit of f?
8
What is the tens digit of 421 - 24/(-6) - 5?
2
Let i(u) be the third derivative of -1/60*u**5 + 1/6*u**3 + 2*u**2 + 0 + 0*u - 5/12*u**4. What is the units digit of i(-7)?
2
Suppose 5*n = 252 + 213. Suppose -6*i = -n - 9. What is the units digit of i?
7
What is the units digit of ((10891 + 10)/11)/(1 - 0)?
1
Let k = 6 - 3. Let z = 5 - k. Suppose -28 = -z*q - 4. What is the tens digit of q?
1
Let m = -778 - -1273. What is the units digit of m?
5
Suppose -4*m + 20 = -8*m. What is the units digit of (-355)/m + 4 - 1?
4
Let o(u) = 47*u - 145. What is the tens digit of o(31)?
1
Let r be (-2)/(-12) + 481/(-78). Let d(u) = 1 + 3*u + u**2 + 6 + 3*u. What is the units digit of d(r)?
7
Suppose -4*s + 68 = 3*h, -5*h + 5*s + 10 = -4*h. Let x be h/(-8)*(-5 + 1). What is the units digit of 1/(x/14)*5?
7
Let f(q) = -q**2 - 10*q + 8. Let j(o) be the third derivative of o**4/24 + 2*o**3/3 - 3*o**2. Let l be j(-11). What is the tens digit of f(l)?
2
Let l = -76 - -227. What is the tens digit of 1*l/5*5?
5
Let t(w) = w**2 + 2*w - 2. Suppose -4 = -5*r + 2*q - 15, -4*q = r + 11. Let f be t(r). Suppose -c + 11 = f. What is the tens digit of c?
1
Let j(l) = -l**2 - 6*l + 13. Let x be j(-9). Let z = 38 - x. What is the units digit of z?
2
Suppose -10 = -2*g, 0*i + 67 = 3*i + 5*g. Suppose 110 = 5*w + x, -5*x + i = -w + 62. What is the tens digit of w?
2
Let x = 84 - 92. Let i(a) = a**2 - a + 19. What is the tens digit of i(x)?
9
Suppose 0 = 14*c - 2265 - 4581. What is the tens digit of c?
8
Let i = -38 - -156. What is the tens digit of (i - -22)*(-2)/(-4)?
7
Let s = 194 - -21. What is the tens digit of (-92)/(-115)*s/2?
8
What is the tens digit of 1751 - (8/(-3) + 4/(-12))?
5
Suppose f + 2 = -2*k, -2*k + f - 5*f - 14 = 0. Let p be k + -3*12/(-4). Suppose -8*w = -p*w + 36. What is the units digit of w?
8
Suppose -15 = -5*n + 5*i, 3*i - 6 = -2*n + 7*i. Suppose n*x + 5*k + 16 = 267, 0 = 3*x - 2*k - 265. What is the units digit of x?
7
Suppose m - 94 - 285 = 0. What is the units digit of m?
9
Suppose 49*c - 2850 = 19*c. What is the units digit of c?
5
Let m = 1321 - 761. Suppose 0 = -4*v + 4*z - 0*z + m, -3*v = 4*z - 420. What is the units digit of v?
0
Let o be (0 - -1)*(2 - 7)*-21. What is the units digit of (-2)/7 - (-23445)/o?
3
Let v(u) = -u**2 + 8*u - 7. Let c be v(2). Suppose 0*y + c*y - 535 = 0. What is the units digit of y?
7
Suppose 5*f = -5*f - 180. What is the tens digit of 3*4/f + 226/6?
3
Let f(d) = 3*d - 35. Let x be f(0). Let a = x + 90. What is the tens digit of a?
5
Let d(z) = 11*z**2 - z - 1. Let o be d(-1). What is the units digit of 45878/319 + 2/o?
4
Let i = -547 - -1011. What is the units digit of i/6 + 13/(-39)?
7
Let o = 2330 - 314. What is the hundreds digit of o?
0
Suppose -1703 = -3*f + 2*f. What is the units digit of f?
3
Let z = -11 + 17. Let g be -1*1 + z + -123. Let c = -79 - g. What is the tens digit of c?
3
Suppose -2*f = -5*k + 5, f - 5*k - 1 + 6 = 0. Let l(y) = y**2 + 2*y + 33. What is the tens digit of l(f)?
3
Let v = 659 + 385. Suppose 12*p + 180 = v. What is the units digit of p?
2
Suppose -3*y - 2*h - 2 = 0, 0 = -3*y + 2*h + h - 27. Let s be y*6/(-4) - -2. What is the units digit of 10/s + (-14)/56?
1
Suppose 6*f - 829 = -2*k + 9*f, -4*k = -4*f - 1664. What is the units digit of k?
9
Let u = 2353 - 942. What is the tens digit of u?
1
Let k = 431 - 125. Let m = k - 180. What is the units digit of m?
6
What is the hundreds digit of -3*12/72*-3566?
7
Let z be ((-66)/77)/((-2)/14). Suppose -s + 3*s = z. What is the units digit of 0 - (0/s - 22)?
2
Suppose 3*j = -4*u + 4*j + 9746, 4*j + 2429 = u. What is the units digit of u?
7
Let f be 8/6 + (-5)/15. Let p be (f*-2*2)/(-2). Suppose -3*n = p*n - 5. What is the units digit of n?
1
Suppose -4*z + 3*i = -1725, 0 = -2*i - 2*i + 20. Suppose u = -5*f + z, -2*f + 0*f - u = -174. What is the tens digit of f?
8
Let r(j) = j**3 - 8*j**2 + 5*j - 12. Let f be r(8). Let d = f + -4. What is the units digit of d?
4
Let q be (3/(-6))/((-2)/4). Let n(x) = 11*x - 2 + 6 - q - 1. What is the tens digit of n(2)?
2
Suppose -9*x = -8*x - 2. Suppose -x*l = -79 - 65. What is the tens digit of l?
7
Let o(k) = -138*k + 115. What is the hundreds digit of o(-25)?
5
Suppose -4*u = -4*o - 1964, -5*u + 20*o = 18*o - 2443. What is the hundreds digit of u?
4
Let m(g) = 11*g**2 - 5 - 9 + 1. What is the units digit of m(-4)?
3
Suppose -3*j - 174 = 3*p, 200 = -4*j - 0*j + 4*p. Let q = j + 76. What is the units digit of q?
2
Let o(p) = -2 - 3 - 8*p + 9 - 16*p. Let c be o(-2). Suppose -4*m + 2*m + 2*z = -c, 5*z = m - 46. What is the tens digit of m?
2
Let h = -176 - -433. Suppose 0 = y - 6*y - 3*s + 405, 3*y = s + h. What is the tens digit of y?
8
Let l(u) = -u**3 - 5*u**2 + 5. Let x(s) = 2*s - 18. Let m be x(13). Suppose 7*a - 6 = m*a. What is the tens digit 